mmon factor of p and y.
31
Let b be 223/2 + 6/12. Calculate the greatest common factor of b and 16.
16
Let a be (-4)/10 - 274/(-10). Suppose 3*m + 4*k = -a, -3*k + 3 = 2*m + 21. Let i(z) = -8*z + 12. Let j be i(m). What is the highest common divisor of j and 56?
28
Suppose 3 = 3*q - 0, q = 3*l - 29. Let r be 144/l - (-10)/(-25). What is the highest common factor of r and 154?
14
Suppose -2*x + 7 + 17 = 0. What is the greatest common divisor of x and 30?
6
Let g = 82 - 37. Let w be (15/10)/((-6)/(-16)). Suppose 0*c = -3*k - 5*c + 10, 4*k - 24 = w*c. What is the greatest common factor of k and g?
5
Let m be (-35)/7 - (1 - 0). Let w be ((-5)/(-3))/(m/(-18)). Suppose 0 = -u + 4*j + 6 + 15, 3*j = 3*u - 18. Calculate the greatest common factor of u and w.
1
Suppose 3*m = -4*w + 88, 0*w + 92 = 2*m - 4*w. Let j = 68 - m. Calculate the greatest common factor of j and 352.
32
Suppose -3*o + 6*g - 16 = 2*g, 5*o = 3*g - 12. Let a(w) = -4 + 0*w**2 + o + w**2. Let u be a(-3). What is the greatest common divisor of u and 5?
5
Let f be (-1 - (-22)/10)*135. Suppose 126 = -o + 3*o. Suppose 4*j = 9 + o. Calculate the highest common factor of j and f.
18
Let q be 21/(-2)*20/(-6). Let p(x) = -x + 4. Let z be p(-10). Calculate the greatest common divisor of q and z.
7
Suppose -j = 4*j + 25, 20 = h - 4*j. Let d = h + 9. What is the greatest common divisor of 9 and d?
9
Suppose 2*j = 5 - 1. Calculate the highest common factor of j and 2.
2
Let h = 313 + -208. Suppose 2*t + 3*m - m = 36, 3*m - 96 = -5*t. Calculate the highest common factor of h and t.
21
Let z = 13 + 12. What is the highest common divisor of 50 and z?
25
Let v = 8 - 6. Suppose 2*t - 60 = -v*t. What is the highest common divisor of 150 and t?
15
Suppose 2*p - 49 = 5*m, 3*m - 9 = -5*p + 67. Calculate the highest common factor of 187 and p.
17
Let b = 24 + -16. Calculate the highest common divisor of 16 and b.
8
Suppose 22 - 2 = 2*a. Suppose 12*f - 12 = a*f. Calculate the greatest common factor of f and 2.
2
Suppose 0 = -5*y + 25*y - 1080. Let s(l) = 5*l**2 - 2*l - 1. Let j be s(-1). What is the highest common factor of y and j?
6
Let u(r) = 2*r + 4. Let q be u(-4). Let p = 16 - q. Let z be 4 + 3 + -2 + 0. What is the highest common divisor of p and z?
5
Let a = 786 - 558. Calculate the highest common factor of a and 12.
12
Suppose -t = -5*t + 360. Suppose t = -2*v + 3*v. Suppose v = -4*b + 9*b. Calculate the highest common factor of 45 and b.
9
Suppose -74 = -14*p + 12*p. Calculate the greatest common factor of p and 333.
37
Let z(o) = 20*o**2 - 4*o**2 - o**3 + 3*o**2 + o. Let n be z(19). What is the highest common divisor of 19 and n?
19
Let z(f) = -f**2 + 4*f + 11. Let b be z(8). Let i = 41 + b. What is the greatest common factor of 8 and i?
4
Let z(g) = g**3 - 5*g**2 + 3*g + 1. Let t be z(5). Let l be (-12)/(-9)*(-186)/(-4). Suppose -l = 4*y - 382. What is the greatest common factor of t and y?
16
Let o = -11 - -20. Let t = 113 + -68. What is the highest common factor of t and o?
9
Suppose 6*p = -2*p + 1144. Calculate the greatest common factor of 13 and p.
13
Let m be 4*(2 + (1 - 2)). Calculate the greatest common divisor of m and 36.
4
Suppose -38 = -2*x - i, 4*x = 2*x - 3*i + 38. What is the greatest common divisor of x and 152?
19
Let s(l) = l - 1. Let u = 8 + -6. Let z(i) = -34*i - 1. Let x(n) = u*s(n) - z(n). Let a be x(1). What is the greatest common factor of 7 and a?
7
Let s = 26 + -16. Let o be (-2 + 1)/(2/(-10)). Suppose -r = -o*t - 4*r + 31, -2*r - 6 = -2*t. What is the greatest common divisor of t and s?
5
Let f(v) = -23*v - 2. Let r be f(-4). Let p be -15*-2*(-1)/(-3). Calculate the highest common factor of r and p.
10
Suppose -198 + 2658 = 15*n. What is the highest common factor of 41 and n?
41
Suppose i = 5*g - 0*g - 32, g - 19 = -4*i. Let k = g - -3. What is the greatest common factor of k and 15?
5
Let r = -41 - -61. Suppose 5*h - 2*y - 108 = 0, -3*y + y - 68 = -3*h. What is the greatest common divisor of r and h?
20
Suppose 47 + 81 = 2*y. What is the highest common factor of y and 8?
8
Let x(m) = 2*m**2 + 20*m + 39. Let f be x(-13). Calculate the highest common divisor of 13 and f.
13
Let m be 2/(-9 + 1)*-4. Calculate the highest common factor of m and 2.
1
Suppose -3*m = -6, -4*m + 80 = 3*k - k. Let s be 9 - (-2 + 1 + 1). Let t be (-1)/((1/s)/(-1)). Calculate the greatest common factor of k and t.
9
Let l = 12 - 14. Let k be 1/(5/2 + l). Calculate the greatest common factor of 6 and k.
2
Let w(u) = 2*u**3 - 2*u**3 - u**2 + u**3 + 0*u**2. Let n be w(2). Calculate the highest common factor of 16 and n.
4
Let h(b) be the first derivative of 14*b**3/3 + b**2 - b + 3. Let v be h(1). Calculate the highest common divisor of v and 60.
15
Let x(r) = -r**3 - 12*r**2 - 4*r + 12. Let n be x(-12). Calculate the greatest common factor of 12 and n.
12
Suppose 0 = 3*q - 14 - 13. What is the highest common divisor of q and 45?
9
Let x(v) = 6*v**2 - 5*v + 4. Let m be x(3). Suppose y = -r + 19, m = 4*y + r - 27. What is the highest common divisor of y and 17?
17
Let t(p) = 2*p**2 - 2*p - 28. Let c be t(-8). Calculate the highest common factor of c and 29.
29
Let m = -147 + 170. Calculate the highest common divisor of m and 69.
23
Suppose 0*i = 3*i + l + 5, 6 = -2*i - 2*l. Suppose 5*h + 7 = -13. Let g be (-141)/(-4) - i/h. Calculate the highest common factor of g and 5.
5
Let b = 120 - 72. Suppose 0 = -5*y + b + 672. What is the highest common divisor of 16 and y?
16
Let q(o) = -o**2 - o. Let r(w) = 5*w**2 - w - 2. Let l(m) = 2*q(m) + r(m). Let j be l(3). What is the highest common divisor of j and 48?
16
Suppose 4*v = 3*v. Suppose -4*r - r + 250 = v. Let c be (-1 - -2)*21 - 1. Calculate the highest common factor of r and c.
10
Let g = 3 - 5. Let d = 4 + g. Suppose d*v - 12 = 4. Calculate the greatest common divisor of v and 2.
2
Suppose 0 = 4*g - 4*f + 152, -95 = 3*g - f + 19. Let m = -26 - g. Calculate the greatest common divisor of m and 30.
6
Let j(h) = -h**3 - 16*h**2 + 11. Let v be j(-16). What is the highest common divisor of v and 99?
11
Suppose 3*j - t - 57 = t, -45 = -3*j - 2*t. Suppose 3*u + 2*u - 155 = -4*q, 3*q - 118 = -2*u. Let m = q - j. Calculate the greatest common factor of m and 46.
23
Let l(p) = p**3 + p - 4. Let m be l(2). Let k be (132/14)/(2/14). What is the greatest common divisor of m and k?
6
Suppose 3*n + 2*r = 4*n - 9, 8 = -2*r. Let w be 2 - 12/n*-3. What is the highest common factor of w and 95?
19
Suppose 0 = 5*z + 4*h - 152, h + 50 - 16 = z. What is the highest common divisor of z and 352?
32
Suppose -7*d + 6*d = -20. Calculate the greatest common divisor of 180 and d.
20
Suppose 7*n = -w + 6*n + 51, -n + 161 = 3*w. Calculate the greatest common factor of 5 and w.
5
Suppose -5*s + 4*g = -12, 0 = 4*s + s + 3*g - 26. Suppose 2*a = 3*r + a - 4, -1 = 2*r + 3*a. What is the highest common divisor of r and s?
1
Suppose y + y + 12 = 0. Let l = y - -14. What is the greatest common divisor of l and 40?
8
Suppose -3*f = 4*b - 14, -3*f + 0 - 1 = b. Calculate the highest common divisor of b and 40.
5
Suppose 0 = -3*t + 13 + 83. What is the highest common factor of t and 8?
8
Let b be (-2)/(-4)*(-1 - 27). Let w = b + 20. What is the greatest common factor of 12 and w?
6
Suppose 0 = -52*v + 55*v - 276. What is the greatest common factor of v and 4?
4
Let y be (-404)/(-20) + (-4)/20. Let d be 8/((-1)/((-110)/4)). What is the greatest common divisor of d and y?
20
Let t(f) = 11*f - 5. Let w be t(5). Suppose -2*r + 6*r - 40 = 0. What is the highest common factor of w and r?
10
Suppose 0*p = 5*m - 5*p - 305, 5*m - 297 = -3*p. What is the greatest common divisor of 40 and m?
20
Let m(u) = 5*u**2 + 9*u + 6. Let l be m(-6). Let j(c) = -c. Let v be j(-12). Calculate the greatest common divisor of l and v.
12
Let z(n) = n**2 - 7*n - 10. Let t be z(8). Let j be 51 + -1 + t + -3. Calculate the greatest common divisor of 18 and j.
9
Let p(j) = 4*j - 18. Let z be p(8). Suppose 4*k - 7*c + 8 = -3*c, 4*k = -3*c + 13. Let w be (129 - k) + -1*2. Calculate the greatest common divisor of w and z.
14
Suppose -2*a - a + 33 = 0. Calculate the greatest common factor of 99 and a.
11
Suppose -a = -5*s + 69, 4*s = -0*a - a + 48. Calculate the highest common factor of s and 13.
13
Let x = -6 - -6. Suppose